 + (-3 - -7) + -8.
-5
What is the value of -5 + (-3 - (-7 - -5)) + 5?
-1
Calculate -10 + 4 + 4 - -6.
4
Calculate -5 - (-8 + 1 + 3) - -2.
1
Evaluate (7 - -1) + (0 - 1) + -2.
5
Calculate 7 + (1 - (-1 + 5)).
4
Evaluate (-31 - -20) + (-1 - -3).
-9
Evaluate -2 + (3 - 4) + (-4 - -12).
5
What is the value of 10 - (-6 + 11) - 11?
-6
Evaluate (1 - -5) + (30 - 35).
1
What is the value of (21 - 24) + (-2 - (-1 - 1))?
-3
-1 - -9 - 4 - (-8 - -5)
7
(-10 - (-2 - 16)) + -7
1
2 + 0 - (-67 - -61)
8
What is -4 + 13 + (-3 - 2) - 3?
1
What is the value of 0 + (1 - 1) + 0?
0
-1 - (-5 - (-6 + 7 + -1))
4
Calculate -1 + -6 + (9 - 6).
-4
What is the value of (2 - (2 - 0)) + -1 + 1?
0
Evaluate 0 - (1 + (-4 - 5) + 2).
6
0 + (-2 - -5) + -7
-4
Evaluate 4 + -3 - (-4 + 5 - -1).
-1
Evaluate (1 + -5 - -1) + 7.
4
Calculate -150 - -154 - (0 - 3 - -1).
6
What is the value of 5 + -10 - (-5 - -2)?
-2
Calculate (-5 + 1 - -2) + 2 - -3.
3
What is -17 - (-24 - -14 - 5)?
-2
What is -4 - -2 - (-2 - 1)?
1
4 - ((-5 + 2 - -3) + 10)
-6
What is the value of (-5 - (-3 - -1)) + 0 - 0?
-3
What is -3 + (1 - -4 - 2)?
0
What is -2 - -9 - (3 + -1)?
5
What is the value of -1 + 5 + -10 - -11?
5
What is 6 + -2 + 1 + -4?
1
What is the value of (1 - (1 + 0)) + (14 - 11)?
3
Evaluate 7 + -2 + -8 + -2.
-5
Calculate -1 + (1 - (3 - 2)).
-1
What is the value of (-1 - 0) + (-1 - (-3 + 0))?
1
What is the value of -8 + (4 - 2 - -1) + 0?
-5
What is the value of 0 + -36 + 44 + 0 + -5?
3
-11 - (-3 - -3 - 6)
-5
What is -2 - (-2 + 0 - (13 + -8))?
5
Calculate -7 + 5 - (-2 - 6).
6
What is 0 - 4 - (-2 - -1 - -2)?
-5
Calculate 2 + -3 + -2 + (1 - 3).
-5
What is (10 + -7 - 1) + 4?
6
Calculate 13 + 1 + -7 + -11.
-4
What is -2 + 1 - (-2 + -10 + 9)?
2
What is the value of 5 + 0 + (-1 - 2) + -5?
-3
Calculate -4 + 1 + -3 - -6.
0
3 + -3 - 7 - -3
-4
What is 4 - (3 - 1) - 3?
-1
What is the value of 0 + (-1 + 1 + 3 - 0)?
3
Evaluate 8 - ((32 - 31) + (6 - 1)).
2
Calculate -2 - -8 - (-7 + 13).
0
What is the value of 23 + -24 + (-3 - -1) + -1?
-4
7 - (9 + (0 - (7 + -2)))
3
(1 - -4) + (13 - (-1 - -14))
5
What is 3 + (0 - 1) + (-13 - -9)?
-2
(6 + 3 - 13) + 2 + 0
-2
1 + -5 + 4 + -3
-3
What is the value of 1 + 11 - (2 + 3)?
7
Evaluate (-5 - (-3 - (-2 + -1))) + 1.
-4
Calculate (0 + 1 - -2) + 7 + -7.
3
Calculate 13 - 11 - (-3 - -7).
-2
What is -1 + -2 + (6 - 1)?
2
What is the value of 2 - ((-7 - -4) + 6)?
-1
What is 12 + -11 - (0 + 4)?
-3
3 - (-6 + 7) - 7
-5
Evaluate (0 - -4) + (-8 - (-5 + 3)).
-2
Evaluate (-7 - (-14 - -3)) + 1.
5
6 - (3 - (-9 - (-5 - -1)))
-2
Calculate 1 + -8 - (26 + -15 + -14).
-4
(20 - 7 - 10) + -4
-1
What is the value of 0 - -7 - (86 + -73)?
-6
Calculate -10 - (-2 + -7 + 3).
-4
What is the value of 11 - 14 - (-1 + 4) - 1?
-7
(33 - 35) + -1 + -3
-6
Evaluate -4 + (6 - -1) - (0 - -6).
-3
Evaluate -4 + 4 + -6 + 2.
-4
(0 - (6 - (4 - 1))) + 1
-2
What is 3 + (2 - 3) + 7 + -4?
5
Calculate 17 - (3 - (6 + -9)) - 2.
9
-1 - -8 - (20 + 14 + -32)
5
8 + -19 + 0 + 6 + 8
3
7 - 2 - ((2 - 6) + 11)
-2
What is (1 - (-1 - -8)) + 0?
-6
0 - 2 - (2 - (0 + 2))
-2
What is the value of 2 + 3 - (-8 + 7) - 6?
0
Evaluate -21 + 4 + 24 - (-1 + 11).
-3
Calculate -1 - (-13 - -5) - 10.
-3
Evaluate -3 + 2 - (-29 - -28).
0
Calculate -2 + 4 + -3 + 10 - 6.
3
1 + -1 + 3 + -1 + -1
1
-2 + (7 - (2 + 5))
-2
What is 0 + 15 - (15 - 7)?
7
-2 + (-10 - -5) + -1 + 3
-5
What is the value of (-6 - (-11 - -4)) + 0?
1
Calculate (55 - 64) + 14 + -2.
3
What is 3 + (3 + 3 - (13 - 6))?
2
What is the value of 0 - (-2 + 3) - (24 + -23)?
-2
What is 2 - 0 - (7 + (-10 - -11))?
-6
What is (135 - 126) + (1 - 2)?
8
Calculate 0 - (0 - -4) - (-3 - -1).
-2
What is the value of (8 - 9) + (-3 - (-1 + -1))?
-2
Calculate 11 + -1 + (-37 - -28).
1
-2 + (0 - -5) + -6
-3
What is the value of 4 - -1 - -1 - (-1 - -2)?
5
Evaluate -1 + 8 - (5 + (9 - 12)).
5
Calculate -15 + (-1 - -2 - -6) - -8.
0
(2 - 7) + 8 - (1 - 1)
3
102 + -98 + (-1 - 11)
-8
Calculate -1 + 4 - (5 + -1).
-1
What is the value of 3 - 7 - (5 - 7)?
-2
38 + -37 + 0 + 0 + 4
5
Calculate 3 - (0 - -1 - -1).
1
(2 - 1) + -6 + 5 - 2
-2
Calculate -1 - 2 - (-2 - 2).
1
-1 - (3 + (-4 + 4 - 10))
6
What is the value of 2 + -6 + (0 - 2)?
-6
Calculate 5 + 0 + -2 + (11 - 10).
4
What is (-9 + 7 - -7) + -3?
2
Evaluate (-5 + -5 - -12) + -5.
-3
What is the value of 1 + -23 + 14 + 0?
-8
Evaluate 5 + -3 + 9 + -1 + -3.
7
What is the value of (-5 - (-7 + -2)) + -11?
-7
Calculate (2 - -2 - 3) + -6 + 2.
-3
What is 7 - (9 + -9 - -7)?
0
What is -3 + 9 - (9 - 6)?
3
-12 + (2 - (4 + -5))
-9
-12 - (-21 - (-6 - 3))
0
What is the value of (-4 - (-6 - -2)) + 3 + 0?
3
17 + (-5 - 1) + -3 + 1
9
Calculate 4 + (3 + -1 - 3).
3
What is the value of -9 - -10 - (9 - 3)?
-5
What is the value of 0 + (-3 - (-8 + 6))?
-1
What is the value of 0 + (-1 - (1 + -6))?
4
Calculate 1 + 3 + -4 + (1 - -4).
5
Evaluate 27 + -36 + (-1 - -8).
-2
2 - (-9 + 6) - (12 + 0)
-7
(0 - -2) + 3 + -48 + 39
-4
-8 + 14 + -3 + -3
0
14 - (7 - 21 - -23)
5
Evaluate 5 + (-5 - (0 + -2)).
2
Calculate 1 + (-17 - -17) + 1 + 2.
4
2 + -7 + -2 + 3
-4
-2 + 1 - (-8 + 8)
-1
Calculate -9 + (-5 - (-30 - -9)).
7
Evaluate (1 - 4) + 0 - (-2 + 1).
-2
-1 + (0 - 8 - (-10 - -6))
-5
Evaluate 0 + (10 - 5) + -4.
1
What is -6 + (1 - (4 - 4))?
-5
Calculate -1 - (5 - 5) - 4.
-5
Evaluate -3 + (-1 - -8) + -2 - 1.
1
Evaluate (1 - -4) + -1 + (0 - 9).
-5
What is the value of -1 + 0 + 15 + -8 - 6?
0
5 + -2 - 5 - -6
4
Calculate 4 - 2 - (-2 + 0).
4
What is the value of 1 + -10 + 10 + 1 + 4?
6
What is the value of (-1 - -4) + 1 + (63 - 63)?
4
Evaluate 0 + -3 - (8 - 14).
3
0 + 0 + -1 + 4 + -5
-2
Evaluate -2 + -4 - (-3 + 7 + -5).
-5
2 + 1 + -3 + 3 + -1
2
Calculate -15 + (4 - (3 + -8)).
-6
6 + 7 - 4 - (7 + -5)
7
Calculate -4 + (4 - 5 - -3) + 1.
-1
What is the value of -2 - (3 - 3) - (-6 - -2)?
2
What is 0 - 2 - -2 - -8?
8
Calculate 2 - ((-2 - -2) + -1).
3
Evaluate (-2 - (5 + -2)) + 3.
-2
What is the value of (4 - (-6 - (1 - -3))) + -8?
6
155 + -146 + (1 - 13)
-3
What is 1 + 0 + 42 + -40?
3
Calculate 5 + (3 - ((6 - -4) + -5)).
3
What is the value of -25 + 5 + 7 + 7?
-6
Calculate -10 - -4 - (1 + -9).
2
8 + 0 - (2 - -2)
4
What is the value of 15 - (-12 - (-35 + 12))?
4
2 - (5 + 7) - -9
-1
Calculate -11 + (11 - (3 + 3)).
-6
What is the value of -3 - (1 + (-6 - -3) - -6)?
-7
-1 - (-1 - -2 - 8)
6
What is 6 - ((2 - -7) + -5)?
2
15 + 0 + -16 + (7 - -2)
8
What is 4 - (0 + 3 - 1)?
2
What is the value of -5 - (6 + -9) - (-6 + -1)?
5
What is the value of 0 + (-6 - -2) + -1?
-5
Calculate (9 - (5 - -1)) + 0 + -7.
-4
What is the value of -6 + (15 - (19 + -10))?
0
9 + (0 - 18) + 7
-2
What is the value of (13 - 8) + -3 + 0?
2
What is the value of 1 - (-1 - -2) - (23 - 26)?
3
What is the value of (2 - -4) + 27 + -29?
4
What is 11 + -5 - (4 + -1)?
3
What is the value of 2 - 0 - (1 - (-1 + 0))?
0
What is 4 + (0 - -2) - 4?
2
What is the value of -5 + 2 + -2 + 8?
3
Evaluate 2 + 0 - (6 + 2 + -1).
-5
What is the value of 14 - 9 - (-1 - -9)?
-3
Evaluate -4 - 3 - (1 + 1 + -3).
-6
Evaluate 8 + 8 + -13 + -3.
0
What is the value of -2 + 4 + (3 - 8)?
-3
What is 9 - (-6 + 15 + -7) - -2?
9
What is the value of (1 + -7 - (-7 + 0)) + 4?
5
Evaluate (-4 - 2) + 0 + 11.
5
Evaluate (-3 - 0) + -5 + 0 + 7.
-1
15 - 9 - (-1 + 7)
0
What is -7 - (1 - 4) - (-3 - 0)?
-1
Evaluate -6 - -2 - (0 + 0 - 9).
5
Calculate 0 - (0 + 1 + -1 - -2).
-2
Calculate 2 + 0 + 2 + -1.
3
Evaluate 2 - 2 - (-3 - -6) - 1.
-4
What is -1 + (-4 - (2 + -17 + 5))?
5
Calculate -11 + 5 + 4 - (-1 + -2).
1
Calculate 3 + -4 + 2 + -2.
-1
-5 - (2 + 0 - 3)
-4
Calculate (2 - 9 - (2 + -6)) + 8.
5
(1 - 6 - -10) + 2
7
2 + (6 - (-5 - -8)) + -1
4
Calculate -1 + 0 + (2 + -6 - -2).
-3
1 + (-6 - (-1 + -2))
-2
What is the value of (3 - 0) + 3 + -11 + 10?
5
Calculate -7 + -1 + -1 - -5.
-4
Calculate 3 + 2 + 2 + -3 + -2.
2
Calculate (-15 - -14) + (1 - 1) + 7.
6
Evaluate -9 - -2 - (-5 + 0).
-2
Calculate -1 + 11 - (69 + -66).
7
Calculate (-1 - -5) + (1 - 6).
-1
What is the value of 2 - ((0 - 2) + 3) - 0?
1
What is 5 + -3 - (6 + -1) - -5?
2
What is the value of 3 - 5 - 3 - -2 - 2?
-5
Evaluate 10 + -7 + (4 - 2).
5
What is the value of 0 + -8 - -10 - (2 - -2)?
-2
What is -2 + 1 + 2 - (-23 - -28)?
-4
What is -6 - (-2 + -7) - 1?
2
Evaluate -2 + -3 + 10 + -2.
3
What is -3 - -15 - (-20 + 26)?
6
Evaluate (8 - 10) + -1 - -11.
8
Evaluate 2 - (-2 + 6 + -7).
